number?
True
Is 139483 prime?
True
Is 108882143 composite?
False
Is 17386151 a prime number?
True
Is 3107561 composite?
False
Is 2571809 a composite number?
False
Is 5446039 a prime number?
False
Is 209272117 composite?
True
Is 525733711 prime?
True
Is 25662037 a composite number?
False
Is 26508089 prime?
True
Is 1039442909 a composite number?
False
Is 73774381 composite?
False
Is 1390393 a prime number?
False
Is 39629747 prime?
False
Is 43642471 a prime number?
False
Is 383919 composite?
True
Is 2425301 prime?
True
Is 566753151 a composite number?
True
Is 107435413 prime?
True
Is 3091681 prime?
False
Is 5540511 prime?
False
Is 155018807 a prime number?
True
Is 10497037 composite?
True
Is 42049577 a composite number?
False
Is 53976981 composite?
True
Is 2651839 a prime number?
False
Is 828169 a composite number?
False
Is 2565559 a composite number?
False
Is 17188493 prime?
False
Is 62116511 a prime number?
True
Is 98447573 prime?
False
Is 303291563 a prime number?
False
Is 52546279 prime?
True
Is 3724223 a composite number?
False
Is 1729877 composite?
False
Is 786547 a prime number?
True
Is 273900233 a composite number?
True
Is 360391 a prime number?
True
Is 88263839 a composite number?
False
Is 28580549 composite?
False
Is 4710149 composite?
True
Is 266050981 composite?
True
Is 189264839 a prime number?
True
Is 438166097 prime?
True
Is 45738221 a prime number?
True
Is 8335073 a prime number?
True
Is 33805381 a composite number?
True
Is 847871 a composite number?
False
Is 407659 a prime number?
False
Is 23396261 prime?
False
Is 2608759 composite?
True
Is 33249337 a composite number?
True
Is 2555391 a prime number?
False
Is 225238189 a prime number?
False
Is 616481 a composite number?
False
Is 12124661 prime?
True
Is 58663523 a prime number?
False
Is 13248503 a composite number?
False
Is 9469783 a prime number?
False
Is 35289223 prime?
True
Is 1582597 composite?
False
Is 980861 a composite number?
True
Is 47093483 prime?
False
Is 714751 a prime number?
True
Is 90055731 composite?
True
Is 27890017 composite?
False
Is 1947359 prime?
True
Is 457523 a prime number?
False
Is 1160941 composite?
False
Is 10436291 composite?
False
Is 3315001 prime?
True
Is 35595947 a prime number?
True
Is 390205697 a composite number?
True
Is 12704537 a composite number?
False
Is 9692291 composite?
True
Is 1358963 a prime number?
False
Is 17244937 composite?
True
Is 2418497 a prime number?
False
Is 2319467 a composite number?
True
Is 71301974 a composite number?
True
Is 1981379 prime?
False
Is 6320219 a prime number?
True
Is 19555507 a prime number?
True
Is 41091233 composite?
False
Is 16602913 a composite number?
False
Is 3078651 prime?
False
Is 2554621 a composite number?
False
Is 248315269 a prime number?
False
Is 1078197899 a prime number?
True
Is 3009271 composite?
False
Is 55915462 composite?
True
Is 205499803 a prime number?
True
Is 19902143 a composite number?
True
Is 3318935 composite?
True
Is 40084231 a composite number?
True
Is 298063 a composite number?
False
Is 33318173 a prime number?
False
Is 113022047 prime?
True
Is 676117 prime?
False
Is 19558447 a composite number?
False
Is 82445149 composite?
True
Is 2686451 composite?
False
Is 222993653 prime?
False
Is 1735733 composite?
False
Is 13244281 a composite number?
False
Is 41750333 prime?
False
Is 40594319 prime?
True
Is 298206913 a composite number?
True
Is 149156837 a prime number?
True
Is 39411677 prime?
False
Is 45261121 composite?
False
Is 776201 a composite number?
False
Is 7377449 composite?
True
Is 20626783 composite?
False
Is 78725519 a prime number?
False
Is 35439109 composite?
True
Is 656833 a composite number?
False
Is 4038359 a prime number?
False
Is 29002777 a prime number?
False
Is 3686611 composite?
True
Is 9270593 a prime number?
False
Is 12701441 a prime number?
True
Is 55023 a prime number?
False
Is 13211 prime?
False
Is 29849359 prime?
False
Is 986251 a prime number?
False
Is 28961 a prime number?
True
Is 576055 a prime number?
False
Is 438684761 prime?
True
Is 28513133 a prime number?
False
Is 8718043 prime?
True
Is 1307003 a prime number?
False
Is 10294073 a composite number?
False
Is 3967666 prime?
False
Is 63585007 composite?
True
Is 1722659 a composite number?
True
Is 41011261 prime?
False
Is 74247661 a composite number?
False
Is 2088340777 prime?
True
Is 39260483 composite?
False
Is 43541 a composite number?
False
Is 8318533 a prime number?
True
Is 165879515 a composite number?
True
Is 3761 composite?
False
Is 5859299 a composite number?
False
Is 82457 composite?
False
Is 16758751 composite?
False
Is 236679373 a composite number?
True
Is 817805 a composite number?
True
Is 7001083 a prime number?
True
Is 12424809 composite?
True
Is 208081799 a prime number?
True
Is 5966851 prime?
False
Is 1018421 prime?
True
Is 13475081 a composite number?
True
Is 50178731 composite?
False
Is 553800998 a composite number?
True
Is 5410591 a composite number?
False
Is 248757493 a prime number?
True
Is 544881065 a prime number?
False
Is 147875339 a composite number?
False
Is 6749843 prime?
True
Is 7340969 composite?
True
Is 124804363 a prime number?
False
Is 851999 a composite number?
True
Is 54363373 prime?
True
Is 188038285 prime?
False
Is 193865509 a composite number?
False
Is 912157 a prime number?
False
Is 70866221 prime?
True
Is 9893909 composite?
True
Is 17507801 prime?
True
Is 5170083 a prime number?
False
Is 2898685 a composite number?
True
Is 730627 a prime number?
False
Is 1321979 composite?
True
Is 11556151 composite?
False
Is 77345759 a composite number?
False
Is 202903 prime?
False
Is 18715601 prime?
True
Is 96488383 prime?
False
Is 1695401 a prime number?
True
Is 36554795 a prime number?
False
Is 85620545 composite?
True
Is 83834497 a composite number?
True
Is 3773317 a composite number?
False
Is 2926271 composite?
False
Is 4304251 a composite number?
True
Is 193579081 prime?
False
Is 1043969 a prime number?
True
Is 6285239 a prime number?
False
Is 13557329 composite?
True
Is 140977 composite?
False
Is 3937321 composite?
False
Is 4277231 a prime number?
False
Is 1134267259 a prime number?
True
Is 26889853 a prime number?
True
Is 19625579 prime?
False
Is 1280579507 prime?
False
Is 37012789 a composite number?
True
Is 2005417 prime?
True
Is 534813989 prime?
False
Is 24153301 prime?
True
Is 93824629 a prime number?
True
Is 19342903 prime?
False
Is 58411603 a composite number?
False
Is 352359533 a prime number?
True
Is 694717 a composite number?
False
Is 5592247 composite?
False
Is 102109873 prime?
True
Is 16209617 a prime number?
True
Is 33122311 a composite number?
False
Is 133691 composite?
False
Is 95233323 composite?
True
Is 182694907 prime?
True
Is 95443349 prime?
False
Is 745301 a prime number?
True
Is 33310349 composite?
False
Is 248885561 a prime number?
True
Is 629653 prime?
True
Is 47213395 a prime number?
False
Is 48882551 a prime number?
True
Is 343063 a composite number?
True
Is 18137111 a composite number?
True
Is 124221731 a prime number?
True
Is 589741 prime?
False
Is 2494313 composite?
False
Is 22920119 prime?
False
Is 629683 a composite number?
False
Is 22925293 prime?
False
Is 4279007 a composite number?
False
Is 1413571583 prime?
True
Is 34351201 a prime number?
True
Is 133352603 composite?
False
Is 25290737 a prime number?
True
Is 263036803 composite?
True
Is 12331229 composite?
True
Is 18691021 a composite number?
False
Is 151004287 composite?
True
Is 7909423 a composite number?
False
Is 152640731 prime?
False
Is 71686517 a composite number?
True
Is 34634267 a composite number?
False
Is 141601067 composite?
False
Is 23282029 composite?
False
Is 2237911 a composite number?
True
Is 3940113 composite?
True
Is 8681897 prime?
False
Is 250583 a prime number?
True
Is 214065637 a prime number?
True
Is 31261751 a composite number?
False
Is 38976797 prime?
False
Is 14770243 prime?
True
Is 391901 prime?
False
Is 179070871 a composite number?
True
Is 14142709 a composite number?
True
Is 8501879 prime?
False
Is 1651589 a prime number?
True
Is 7581211 prime?
False
Is 3352627 a composite number?
False
Is 84263 a composite number?
False
Is 3029657 a prime number?
False
Is 3482519 composite?
False
Is 1448387 composite?
False
Is 30466749 a prime number?
False
Is 645937 a prime nu